e the remainder when 1133 is divided by 55.
33
Calculate the remainder when 3423 is divided by 723.
531
What is the remainder when 16920 is divided by 249?
237
What is the remainder when 163 is divided by 5?
3
Calculate the remainder when 3045 is divided by 171.
138
Calculate the remainder when 21225 is divided by 417.
375
What is the remainder when 921 is divided by 297?
30
Calculate the remainder when 131502 is divided by 137.
119
Calculate the remainder when 1442323 is divided by 52.
51
What is the remainder when 17840 is divided by 306?
92
Calculate the remainder when 6589 is divided by 1158.
799
Calculate the remainder when 25475 is divided by 1213.
2
What is the remainder when 22421 is divided by 74?
73
What is the remainder when 5372 is divided by 25?
22
Calculate the remainder when 1442 is divided by 711.
20
What is the remainder when 38688 is divided by 60?
48
Calculate the remainder when 47489 is divided by 40.
9
What is the remainder when 159145 is divided by 1027?
987
What is the remainder when 93170 is divided by 234?
38
What is the remainder when 6019258 is divided by 12?
10
What is the remainder when 90452 is divided by 90449?
3
Calculate the remainder when 2627 is divided by 560.
387
Calculate the remainder when 6474 is divided by 22.
6
Calculate the remainder when 698517 is divided by 3838.
1
Calculate the remainder when 12364 is divided by 561.
22
Calculate the remainder when 23835 is divided by 211.
203
What is the remainder when 3240 is divided by 179?
18
What is the remainder when 725 is divided by 499?
226
What is the remainder when 46105 is divided by 202?
49
Calculate the remainder when 113 is divided by 112.
1
Calculate the remainder when 165022 is divided by 165008.
14
Calculate the remainder when 2975708 is divided by 834.
830
What is the remainder when 169491 is divided by 106?
103
What is the remainder when 131597 is divided by 16?
13
What is the remainder when 65871 is divided by 21907?
150
What is the remainder when 12575 is divided by 546?
17
What is the remainder when 1918 is divided by 133?
56
Calculate the remainder when 28669 is divided by 44.
25
What is the remainder when 262 is divided by 209?
53
Calculate the remainder when 23788 is divided by 23748.
40
Calculate the remainder when 10428 is divided by 719.
362
Calculate the remainder when 50357 is divided by 62.
13
Calculate the remainder when 19115 is divided by 795.
35
Calculate the remainder when 49134 is divided by 18.
12
Calculate the remainder when 2910 is divided by 72.
30
Calculate the remainder when 1975 is divided by 1876.
99
Calculate the remainder when 1250 is divided by 78.
2
What is the remainder when 14145 is divided by 173?
132
Calculate the remainder when 4548 is divided by 688.
420
Calculate the remainder when 5103 is divided by 19.
11
Calculate the remainder when 23574 is divided by 23565.
9
Calculate the remainder when 24041 is divided by 243.
227
What is the remainder when 6702 is divided by 3302?
98
What is the remainder when 6221 is divided by 51?
50
What is the remainder when 20708 is divided by 6901?
5
What is the remainder when 8031 is divided by 1495?
556
Calculate the remainder when 34355 is divided by 178.
1
Calculate the remainder when 170905 is divided by 32.
25
What is the remainder when 68791 is divided by 334?
321
Calculate the remainder when 548986 is divided by 11.
9
What is the remainder when 4537 is divided by 121?
60
Calculate the remainder when 21690 is divided by 835.
815
What is the remainder when 22333 is divided by 893?
8
What is the remainder when 11771 is divided by 86?
75
Calculate the remainder when 16956 is divided by 5515.
411
Calculate the remainder when 66457 is divided by 6635.
107
Calculate the remainder when 290331 is divided by 41.
10
What is the remainder when 152143 is divided by 308?
299
What is the remainder when 7552 is divided by 684?
28
Calculate the remainder when 687 is divided by 118.
97
Calculate the remainder when 116960 is divided by 23388.
20
What is the remainder when 3715 is divided by 64?
3
What is the remainder when 42635 is divided by 11?
10
Calculate the remainder when 4620 is divided by 4558.
62
What is the remainder when 286824 is divided by 149?
148
What is the remainder when 39698 is divided by 378?
8
Calculate the remainder when 313 is divided by 304.
9
Calculate the remainder when 235564 is divided by 108.
16
What is the remainder when 1893 is divided by 122?
63
What is the remainder when 415739 is divided by 2790?
29
Calculate the remainder when 5132 is divided by 916.
552
What is the remainder when 412853 is divided by 183?
5
What is the remainder when 506 is divided by 62?
10
What is the remainder when 15656 is divided by 548?
312
Calculate the remainder when 4753 is divided by 183.
178
Calculate the remainder when 5301 is divided by 12.
9
Calculate the remainder when 11113 is divided by 121.
102
Calculate the remainder when 70040 is divided by 181.
174
What is the remainder when 3725 is divided by 81?
80
What is the remainder when 4173 is divided by 828?
33
Calculate the remainder when 15220 is divided by 84.
16
Calculate the remainder when 29058 is divided by 28.
22
What is the remainder when 85425 is divided by 63?
60
Calculate the remainder when 60441 is divided by 945.
906
What is the remainder when 13944 is divided by 152?
112
What is the remainder when 4245 is divided by 36?
33
Calculate the remainder when 5960848 is divided by 811.
809
Calculate the remainder when 39096 is divided by 1448.
0
Calculate the remainder when 1774 is divided by 1637.
137
What is the remainder when 8509 is divided by 112?
109
Calculate the remainder when 26683 is divided by 139.
134
What is the remainder when 8297989 is divided by 1094?
1093
What is the remainder when 466 is divided by 4?
2
What is the remainder when 48182 is divided by 5339?
131
What is the remainder when 15759 is divided by 1212?
3
Calculate the remainder when 42003 is divided by 20997.
9
Calculate the remainder when 1493 is divided by 287.
58
Calculate the remainder when 221385 is divided by 101.
94
What is the remainder when 773643 is divided by 719?
718
Calculate the remainder when 5422 is divided by 1734.
220
What is the remainder when 387 is divided by 65?
62
What is the remainder when 11099 is divided by 30?
29
What is the remainder when 20723 is divided by 2589?
11
What is the remainder when 3873 is divided by 770?
23
What is the remainder when 123345 is divided by 6?
3
What is the remainder when 17287 is divided by 94?
85
What is the remainder when 1614 is divided by 130?
54
Calculate the remainder when 19799 is divided by 861.
857
Calculate the remainder when 47421 is divided by 6.
3
What is the remainder when 1493315 is divided by 740?
735
Calculate the remainder when 7637 is divided by 517.
399
What is the remainder when 5930 is divided by 470?
290
Calculate the remainder when 278867 is divided by 92954.
5
What is the remainder when 20865 is divided by 342?
3
What is the remainder when 1684 is divided by 1669?
15
Calculate the remainder when 169232 is divided by 56405.
17
What is the remainder when 19534 is divided by 17?
1
What is the remainder when 255011 is divided by 141?
83
What is the remainder when 127692 is divided by 155?
127
Calculate the remainder when 1197 is divided by 40.
37
Calculate the remainder when 16564 is divided by 4138.
12
What is the remainder when 540 is divided by 222?
96
Calculate the remainder when 539680 is divided by 179893.
1
Calculate the remainder when 11220 is divided by 3724.
48
Calculate the remainder when 37445 is divided by 3120.
5
Calculate the remainder when 44195 is divided by 193.
191
What is the remainder when 1859 is divided by 307?
17
Calculate the remainder when 45430 is divided by 25.
5
Calculate the remainder when 6418 is divided by 124.
94
Calculate the remainder when 7836 is divided by 13.
10
Calculate the remainder when 671 is divided by 576.
95
What is the remainder when 57309 is divided by 2386?
45
Calculate the remainder when 44037 is divided by 237.
192
Calculate the remainder when 529428 is divided by 30.
18
What is the remainder when 160715 is divided by 173?
171
What is the remainder when 72403 is divided by 46?
45
Calculate the remainder when 12